{"id":19315,"date":"2023-06-16T12:32:23","date_gmt":"2023-06-16T16:32:23","guid":{"rendered":"http:\/\/ofertasokey.srtv.cl\/?post_type=product&#038;p=19315"},"modified":"2023-06-20T17:14:38","modified_gmt":"2023-06-20T21:14:38","slug":"kayak-a-remo","status":"publish","type":"product","link":"https:\/\/ofertasokey.cl\/index.php\/producto\/kayak-a-remo\/","title":{"rendered":"Kayak a Remo"},"content":{"rendered":"<p>Espectacular Kayak a remo.<br \/>\n-Largo: 3950 MM.<br \/>\n-Ancho: 840 MM.<br \/>\n-Alto: 400 MM.<br \/>\n-Peso: 35 KG.<\/p>\n<p>El kayak a remo es una actividad acu\u00e1tica emocionante y desafiante que involucra remar en un peque\u00f1o bote de forma individual o en pareja. Es una excelente forma de explorar r\u00edos, lagos y costas mientras se disfruta de la naturaleza y se realiza ejercicio f\u00edsico. El kayak a remo requiere coordinaci\u00f3n y fuerza en los brazos y el torso, ya que se utiliza una pala para impulsarse a trav\u00e9s del agua. Adem\u00e1s de ser una actividad recreativa, el kayak a remo tambi\u00e9n se utiliza para competiciones y traves\u00edas de larga distancia. Es una experiencia \u00fanica que permite estar en contacto directo con el agua y disfrutar de la libertad y la tranquilidad que brinda esta actividad.<\/p>\n<div id=\"divtags\">\n<h1>Remo en kayak<\/h1>\n<h1>Actividades acu\u00e1ticas con kayak<\/h1>\n<h1>Kayak para explorar r\u00edos y lagos<\/h1>\n<h1>Deportes acu\u00e1ticos en kayak<\/h1>\n<h1>Aventuras en kayak a remo<\/h1>\n<h1>Kayak individual y en pareja<\/h1>\n<h1>Remar en kayak: una forma de ejercicio al aire libre<\/h1>\n<h1>Competencias de kayak a remo<\/h1>\n<h1>Traves\u00edas en kayak: explorando nuevas costas<\/h1>\n<h1>Disfruta de la naturaleza con el kayak a remo<\/h1>\n<h1>Remar en kayak: t\u00e9cnica y consejos<\/h1>\n<h1>Equipamiento esencial para el kayak a remo<\/h1>\n<h1>Kayak a remo: diversi\u00f3n en el agua<\/h1>\n<h1>Beneficios para la salud del kayak a remo<\/h1>\n<h1>Seguridad en el kayak a remo: precauciones y normas<\/h1>\n<h1>Descubre nuevos lugares con el kayak a remo<\/h1>\n<\/div>\n","protected":false},"excerpt":{"rendered":"<p>Espectacular Kayak a remo. -Largo: 3950 MM. -Ancho: 840 MM. -Alto: 400 MM. -Peso: 35 KG. El kayak a remo es una actividad acu\u00e1tica emocionante y desafiante que involucra remar en un peque\u00f1o bote de forma individual o en pareja. Es una excelente forma de explorar r\u00edos, lagos y costas mientras se disfruta de la&#8230;<\/p>\n","protected":false},"featured_media":19316,"template":"","meta":[],"product_brand":[],"product_cat":[1675],"product_tag":[],"class_list":{"0":"post-19315","1":"product","2":"type-product","3":"status-publish","4":"has-post-thumbnail","6":"product_cat-deporte","8":"first","9":"instock","10":"shipping-taxable","11":"product-type-simple"},"_links":{"self":[{"href":"https:\/\/ofertasokey.cl\/index.php\/wp-json\/wp\/v2\/product\/19315","targetHints":{"allow":["GET"]}}],"collection":[{"href":"https:\/\/ofertasokey.cl\/index.php\/wp-json\/wp\/v2\/product"}],"about":[{"href":"https:\/\/ofertasokey.cl\/index.php\/wp-json\/wp\/v2\/types\/product"}],"wp:featuredmedia":[{"embeddable":true,"href":"https:\/\/ofertasokey.cl\/index.php\/wp-json\/wp\/v2\/media\/19316"}],"wp:attachment":[{"href":"https:\/\/ofertasokey.cl\/index.php\/wp-json\/wp\/v2\/media?parent=19315"}],"wp:term":[{"taxonomy":"product_brand","embeddable":true,"href":"https:\/\/ofertasokey.cl\/index.php\/wp-json\/wp\/v2\/product_brand?post=19315"},{"taxonomy":"product_cat","embeddable":true,"href":"https:\/\/ofertasokey.cl\/index.php\/wp-json\/wp\/v2\/product_cat?post=19315"},{"taxonomy":"product_tag","embeddable":true,"href":"https:\/\/ofertasokey.cl\/index.php\/wp-json\/wp\/v2\/product_tag?post=19315"}],"curies":[{"name":"wp","href":"https:\/\/api.w.org\/{rel}","templated":true}]}}