{"id":19337,"date":"2023-06-16T13:45:33","date_gmt":"2023-06-16T17:45:33","guid":{"rendered":"http:\/\/ofertasokey.srtv.cl\/?post_type=product&#038;p=19337"},"modified":"2024-11-06T18:50:08","modified_gmt":"2024-11-06T21:50:08","slug":"ninebot-mini","status":"publish","type":"product","link":"https:\/\/ofertasokey.cl\/index.php\/producto\/ninebot-mini\/","title":{"rendered":"Ninebot mini"},"content":{"rendered":"<p>Ninebot manejable con el telefono, puedes regular velocidad, cambiar luces, bloquear y desbloquear, etc.<br \/>\n-Bluetooth incorporado.<br \/>\n-Tama\u00f1o de la rueda: 10 pulgadas.<br \/>\n-Color: Blanco.<br \/>\n-Potencia del motor: 350W * 2.<br \/>\n-Velocidad m\u00e1xima: 15KM \/ H.<br \/>\n-Distancia de carga: 15-20 KM.<br \/>\n-Gradiente m\u00e1ximo: 20 \u00b0 6. Max Cargando 120 KG.<br \/>\n-Capacidad de la bater\u00eda: 4400Mah.<br \/>\n-Energ\u00eda del cargador: AC110-AC220V 50-60HZ.<br \/>\n-Tiempo de carga; 3 horas.<\/p>\n<p>El Ninebot Mini es un veh\u00edculo de movilidad personal compacto y divertido. Dise\u00f1ado por Segway, este dispositivo combina la comodidad de un scooter el\u00e9ctrico con la facilidad de uso de un hoverboard. Con un dise\u00f1o elegante y moderno, el Ninebot Mini es f\u00e1cil de transportar y puede ser utilizado tanto en interiores como en exteriores. Su sistema de autoequilibrio permite un desplazamiento suave y seguro, mientras que su bater\u00eda de larga duraci\u00f3n garantiza una experiencia de conducci\u00f3n prolongada. Ya sea para pasear por la ciudad o simplemente disfrutar de un paseo divertido, el Ninebot Mini es una excelente opci\u00f3n para aquellos que buscan una forma \u00fanica de moverse.<\/p>\n<div id=\"divtags\">\n<h1>Ninebot Mini: veh\u00edculo de movilidad personal<\/h1>\n<h1>Scooter el\u00e9ctrico compacto y vers\u00e1til<\/h1>\n<h1>Movilidad urbana con el Ninebot Mini<\/h1>\n<h1>Disfruta de la conducci\u00f3n con el Ninebot Mini<\/h1>\n<h1>Descubre la comodidad del Ninebot Mini<\/h1>\n<h1>Despl\u00e1zate con estilo con el Ninebot Mini<\/h1>\n<h1>Conducci\u00f3n segura y divertida con el Ninebot Mini<\/h1>\n<h1>Explora la ciudad con el Ninebot Mini<\/h1>\n<h1>Una nueva forma de moverte: Ninebot Mini<\/h1>\n<h1>Conoce las caracter\u00edsticas del Ninebot Mini<\/h1>\n<h1>La elecci\u00f3n perfecta: Ninebot Mini<\/h1>\n<h1>Conducci\u00f3n f\u00e1cil y accesible con el Ninebot Mini<\/h1>\n<h1>Descubre la libertad con el Ninebot Mini<\/h1>\n<h1>Experimenta la diversi\u00f3n del Ninebot Mini<\/h1>\n<h1>Recorre distancias con el Ninebot Mini<\/h1>\n<h1>Explora tus alrededores con el Ninebot Mini<\/h1>\n<\/div>\n","protected":false},"excerpt":{"rendered":"<p>Ninebot manejable con el telefono, puedes regular velocidad, cambiar luces, bloquear y desbloquear, etc. -Bluetooth incorporado. -Tama\u00f1o de la rueda: 10 pulgadas. -Color: Blanco. -Potencia del motor: 350W * 2. -Velocidad m\u00e1xima: 15KM \/ H. -Distancia de carga: 15-20 KM. -Gradiente m\u00e1ximo: 20 \u00b0 6. Max Cargando 120 KG. -Capacidad de la bater\u00eda: 4400Mah. -Energ\u00eda&#8230;<\/p>\n","protected":false},"featured_media":19338,"template":"","meta":[],"product_brand":[],"product_cat":[1679],"product_tag":[],"class_list":{"0":"post-19337","1":"product","2":"type-product","3":"status-publish","4":"has-post-thumbnail","6":"product_cat-scooter-electricos","8":"first","9":"instock","10":"sale","11":"shipping-taxable","12":"purchasable","13":"product-type-simple"},"_links":{"self":[{"href":"https:\/\/ofertasokey.cl\/index.php\/wp-json\/wp\/v2\/product\/19337","targetHints":{"allow":["GET"]}}],"collection":[{"href":"https:\/\/ofertasokey.cl\/index.php\/wp-json\/wp\/v2\/product"}],"about":[{"href":"https:\/\/ofertasokey.cl\/index.php\/wp-json\/wp\/v2\/types\/product"}],"wp:featuredmedia":[{"embeddable":true,"href":"https:\/\/ofertasokey.cl\/index.php\/wp-json\/wp\/v2\/media\/19338"}],"wp:attachment":[{"href":"https:\/\/ofertasokey.cl\/index.php\/wp-json\/wp\/v2\/media?parent=19337"}],"wp:term":[{"taxonomy":"product_brand","embeddable":true,"href":"https:\/\/ofertasokey.cl\/index.php\/wp-json\/wp\/v2\/product_brand?post=19337"},{"taxonomy":"product_cat","embeddable":true,"href":"https:\/\/ofertasokey.cl\/index.php\/wp-json\/wp\/v2\/product_cat?post=19337"},{"taxonomy":"product_tag","embeddable":true,"href":"https:\/\/ofertasokey.cl\/index.php\/wp-json\/wp\/v2\/product_tag?post=19337"}],"curies":[{"name":"wp","href":"https:\/\/api.w.org\/{rel}","templated":true}]}}