{"id":19372,"date":"2023-06-16T15:42:10","date_gmt":"2023-06-16T19:42:10","guid":{"rendered":"http:\/\/ofertasokey.srtv.cl\/?post_type=product&#038;p=19372"},"modified":"2024-03-05T16:20:50","modified_gmt":"2024-03-05T19:20:50","slug":"smart-balance-blue","status":"publish","type":"product","link":"https:\/\/ofertasokey.cl\/index.php\/producto\/smart-balance-blue\/","title":{"rendered":"Smart balance Blue"},"content":{"rendered":"<p>Nuevo Smart balance Blue.<br \/>\n-Con Bluetooth incorporado.<br \/>\n-Tama\u00f1o de la rueda: 8 pulgadas.<br \/>\n-Color: Blue.<br \/>\n-Potencia del motor: 350W * 2.<br \/>\n-Velocidad m\u00e1xima: 12KM \/ H.<br \/>\n-Distance \/ carga: 15-20 KM.<br \/>\n-Gradiente m\u00e1ximo: 30 \u00b0 6. Max Cargando 120 KG.<br \/>\n-Capacidad de la bater\u00eda: 4400Mah.<br \/>\n-Energ\u00eda del cargador: AC110-AC220V 50-60HZ.<br \/>\n-Tiempo de carga: 3 horas 10.<\/p>\n<p>El Smart Balance Blue es un dispositivo de movilidad personal que ha ganado popularidad en los \u00faltimos a\u00f1os. Se trata de un patinete el\u00e9ctrico autoequilibrado que permite desplazarse de manera \u00e1gil y divertida. Este dispositivo cuenta con sensores que detectan el movimiento del cuerpo del usuario y ajustan autom\u00e1ticamente la velocidad y la direcci\u00f3n. Adem\u00e1s, es muy f\u00e1cil de manejar, ya que solo se necesita inclinarse hacia adelante o hacia atr\u00e1s para avanzar o retroceder. El Smart Balance Blue es una opci\u00f3n ideal para recorrer distancias cortas en la ciudad, ya sea para ir al trabajo, a la universidad o simplemente pasear.<\/p>\n<div id=\"divtags\">\n<h1>Smart Balance Blue: el patinete el\u00e9ctrico autoequilibrado<\/h1>\n<h1>Despl\u00e1zate de manera \u00e1gil y divertida con el Smart Balance Blue<\/h1>\n<h1>Caracter\u00edsticas y beneficios del Smart Balance Blue<\/h1>\n<h1>\u00bfC\u00f3mo funciona el Smart Balance Blue?<\/h1>\n<h1>Manejo sencillo y intuitivo con el Smart Balance Blue<\/h1>\n<h1>La mejor opci\u00f3n de movilidad urbana: Smart Balance Blue<\/h1>\n<h1>Ventajas de utilizar el Smart Balance Blue en la ciudad<\/h1>\n<h1>Smart Balance Blue: la forma moderna de desplazarse<\/h1>\n<h1>Convierte tus desplazamientos en una experiencia \u00fanica con el Smart Balance Blue<\/h1>\n<h1>La comodidad y estilo se fusionan en el Smart Balance Blue<\/h1>\n<h1>Explora la ciudad con el Smart Balance Blue: pr\u00e1ctico y ecoamigable<\/h1>\n<h1>Smart Balance Blue: la elecci\u00f3n inteligente para la movilidad personal<\/h1>\n<h1>Movilidad eficiente y divertida con el Smart Balance Blue<\/h1>\n<h1>Descubre la libertad de movimiento con el Smart Balance Blue<\/h1>\n<h1>Smart Balance Blue: la revoluci\u00f3n en el transporte personal<\/h1>\n<h1>Explora nuevas posibilidades con el Smart Balance Blue<\/h1>\n<\/div>\n","protected":false},"excerpt":{"rendered":"<p>Nuevo Smart balance Blue. -Con Bluetooth incorporado. -Tama\u00f1o de la rueda: 8 pulgadas. -Color: Blue. -Potencia del motor: 350W * 2. -Velocidad m\u00e1xima: 12KM \/ H. -Distance \/ carga: 15-20 KM. -Gradiente m\u00e1ximo: 30 \u00b0 6. Max Cargando 120 KG. -Capacidad de la bater\u00eda: 4400Mah. -Energ\u00eda del cargador: AC110-AC220V 50-60HZ. -Tiempo de carga: 3 horas&#8230;<\/p>\n","protected":false},"featured_media":19373,"template":"","meta":[],"product_brand":[],"product_cat":[1679],"product_tag":[],"class_list":{"0":"post-19372","1":"product","2":"type-product","3":"status-publish","4":"has-post-thumbnail","6":"product_cat-scooter-electricos","8":"first","9":"instock","10":"sale","11":"shipping-taxable","12":"purchasable","13":"product-type-simple"},"_links":{"self":[{"href":"https:\/\/ofertasokey.cl\/index.php\/wp-json\/wp\/v2\/product\/19372","targetHints":{"allow":["GET"]}}],"collection":[{"href":"https:\/\/ofertasokey.cl\/index.php\/wp-json\/wp\/v2\/product"}],"about":[{"href":"https:\/\/ofertasokey.cl\/index.php\/wp-json\/wp\/v2\/types\/product"}],"wp:featuredmedia":[{"embeddable":true,"href":"https:\/\/ofertasokey.cl\/index.php\/wp-json\/wp\/v2\/media\/19373"}],"wp:attachment":[{"href":"https:\/\/ofertasokey.cl\/index.php\/wp-json\/wp\/v2\/media?parent=19372"}],"wp:term":[{"taxonomy":"product_brand","embeddable":true,"href":"https:\/\/ofertasokey.cl\/index.php\/wp-json\/wp\/v2\/product_brand?post=19372"},{"taxonomy":"product_cat","embeddable":true,"href":"https:\/\/ofertasokey.cl\/index.php\/wp-json\/wp\/v2\/product_cat?post=19372"},{"taxonomy":"product_tag","embeddable":true,"href":"https:\/\/ofertasokey.cl\/index.php\/wp-json\/wp\/v2\/product_tag?post=19372"}],"curies":[{"name":"wp","href":"https:\/\/api.w.org\/{rel}","templated":true}]}}